*g(p) + 3*d(p). Give i(u).
-18
Let y(z) = z**2 + 7*z. Suppose -13*s = -7*s. Let r be (s - 0) + -37 + 31. Determine y(r).
-6
Let k be 45/(-12)*2*16/20. Let o(b) = -b**2 - 4*b + 7. Let t be o(k). Let r(i) = -5*i - 3. Let u(g) = -4*g - 4. Let q(h) = 3*r(h) - 4*u(h). Calculate q(t).
2
Let z(n) = n**2 - 8*n + 9. Let x be -1 - ((-56)/4)/2. Suppose -28 - 47 = -5*k - 5*s, -2*k + 4*s + x = 0. Suppose -k*q = -38 - 28. What is z(q)?
-3
Let h(s) = -3 + 18*s - 63 + 21*s - 3*s - 32*s. What is h(17)?
2
Let a = 88 - 86. Let c(v) = v**a - v**3 - 14592 + 4*v + 14590 - 4*v**2. What is c(-4)?
-2
Let j(g) = -5*g + 7. Let c(h) = -4*h**2 + 71*h + 240. Let z be c(-3). What is j(z)?
52
Let v(n) = -70*n + 55*n + 44 + 88. Determine v(8).
12
Let q(w) = 9*w + 5. Let p be 4/((-16)/20)*(-12)/(-5). Let d be 16/p*(-3 - -1*6). Determine q(d).
-31
Let z(j) = j**3 - j**2 - j - 2. Let x = 12 + -33. Suppose -12*d - 3072 = 20*d. Let s be 6/x - d/42. Give z(s).
0
Suppose -f - b - 7 = 0, -6*f - 2*b - 22 = -2*f. Let p be 2/f*2 + (5 - -2). Let w(s) = -10*s + 3 - 9*s - s**3 + p*s**2 + 16*s. Calculate w(5).
13
Let l(a) = -a**3 + 8*a**2 - 6*a - 3. Let s be 78/9*(-3)/2. Suppose -256*x + 254*x + 40 = 0. Let m = s + x. Calculate l(m).
4
Suppose 104 = -4*m + 2*m. Let g = m + 57. Suppose g*l + 0*l = 4*t + 30, 2*t = 0. Let h(w) = -w**2 + 6*w + 2. Give h(l).
2
Let d(n) = -263*n - 60. Let x(p) = -104*p - 31. Let o(w) = -4*d(w) + 10*x(w). Give o(6).
2
Suppose 2*p + 33 = 2*c - 53, -3*c + 4*p + 128 = 0. Let m(k) = k**2 - 39*k - 215. What is m(c)?
5
Let f(d) be the first derivative of -7*d**2/2 - 29*d + 2490. What is f(-2)?
-15
Let a(s) = -25*s**3 - 2*s**2 - 5*s - 50. Let k(l) = -11*l**3 - 2*l**2 - 2*l - 23. Let r(y) = 4*a(y) - 9*k(y). What is r(10)?
-13
Let q(z) = z**3 - 8*z**2 + 5*z + 5. Let v(w) = -5*w**2 - 31*w - 9. Let h be v(-6). Let x be (84/18)/((-2)/h). Give q(x).
-9
Let g(d) = 2*d - 1. Let b(m) be the second derivative of m**3/2 - 25*m**2/2 - m - 115. Let a(q) = -b(q) + 2*g(q). Calculate a(0).
23
Suppose -39*w + 197*w + 1464 = -25*w. Let v(d) = -6*d - 34. What is v(w)?
14
Let l = -25 - -24. Let g(w) = w**2 - w - 20. Let v(y) be the first derivative of -y**2/2 + y + 3. Let m(u) = l*v(u) + g(u). Determine m(0).
-21
Let k(d) = 1 + d**2 + 2 + 6*d - 3*d - d**3. Suppose -456*m + 461*m + 425 = 0. Let p be -5 - 265/m - 8/68. Determine k(p).
9
Let y(g) = -2*g**3 + 19*g**2 - 9*g + 1. Let j be y(9). Let a be 4/1*(7/(-28) + j). Let q(u) = -1 - 2*u**3 - 275*u**2 + 275*u**2 - 2*u + 3*u**a. Calculate q(3).
20
Suppose d + 8 = -0*d - 4*y, -5*d + 80 = -4*y. Let k(n) be the third derivative of -n**4/24 + n**3/3 - 20115*n**2. Give k(d).
-10
Let y be 1*-1*(-682 + -15). Let n(x) = 14 - 7 - y*x**2 + 696*x**2 + 2*x + 12*x + 11. Calculate n(15).
3
Let f(m) be the first derivative of m**4/4 - 7*m**3/3 + 9*m - 652. Let v be ((-5)/1)/(2/(-52)). Let c be v/18 + 8/(-36). Determine f(c).
9
Let d = 19405 + -19405. Let w(z) = 13. Let i(y) = -y - 1. Let c(p) = -i(p) - w(p). Give c(d).
-12
Let b(i) = 5*i**3 - 13*i**2 - 5*i + 12. Let p(f) = -14*f**3 + 38*f**2 + 14*f - 35. Let d(z) = 17*b(z) + 6*p(z). Let w = 557 + -564. Determine d(w).
1
Let w(i) = -i**3 - 13*i**2 + i + 20. Let u be w(-13). Let n(l) = -12*l + u*l + 3*l - 5. Determine n(-8).
11
Let q(l) = -2 - 29*l - 34*l - 2*l**2 - 41*l - 28*l + 109*l. What is q(-11)?
9
Let g(c) = 5*c**2 + 8*c - 112. Let z(b) = -10*b**2 - 15*b + 225. Let f(d) = 11*g(d) + 6*z(d). Let t(a) be the first derivative of f(a). Give t(2).
-22
Let d(w) be the third derivative of w**4/24 + w**3/6 - w**2. Suppose -82738 = 67*z - 83877. Give d(z).
18
Let m(r) = r**3 + 11*r**2 - 1. Suppose 0 = -4*v - a + 13, 13 - 1 = -4*a. Suppose 5*u - 4*q + 39 = 0, -37 = -u + v*u + q. What is m(u)?
-1
Let k = -5836 + 5826. Let a(l) = l**3 + 10*l**2 - 2*l + 13. Give a(k).
33
Suppose 916*a - 908*a = -48. Let k(b) = 15*b + 85. Determine k(a).
-5
Suppose 6 + 9 = -3*y - a, -2*y + 3*a = -1. Let i be (-5 - (-192)/30)*(1 - y). Let p(s) = s**3 - 8*s**2 + 4*s + 5. Calculate p(i).
-16
Let a be (-8)/(-44) + 40/22. Let x(w) = 4*w**2 - a*w - 1150 - w + 1148 + w**3. Calculate x(-4).
10
Let k(f) = -f**3 - f**2 + 1. Let i = -441 - -220. Let z = i + 220. Give k(z).
1
Let p(z) = -z + 3. Suppose 0 = u + 85 - 87. Let a(b) = b - 2. Let k(w) = u*a(w) + p(w). Suppose -5*v - 16 - 4 = 0. What is k(v)?
-5
Let x be (2 + -17)*(-4 - (-22)/6). Suppose x*v + 3 = -12. Let l(m) = 4*m - m + 0*m - 7*m**2 + 6*m**2. What is l(v)?
-18
Let q be (2/(-4))/(1/10). Let x(p) be the second derivative of p**5/20 + 5*p**4/12 + 2*p**3/3 + 182994*p. Calculate x(q).
-20
Suppose -m + 6*m - 10 = 0. Suppose -4*n = 2*u - 22, m*u = 5*n + 3*u - 26. Let j(d) = -d - 7 + n + 26*d**3 + 2 + d**2. What is j(1)?
26
Let u(z) be the third derivative of z**5/60 + 7*z**4/6 + 21*z**3 - 836*z**2. Determine u(-23).
11
Let t(b) = -b**3 + 5*b**2 + 6*b - 5. Let c(a) = 13*a**2 - 22*a + 48. Let f be c(2). Suppose 0 = -3*q - f + 71. Give t(q).
25
Let j(t) = 4*t + 25. Let u be j(-6). Let b be u*(29 - 21 - (1 + 0)). Let d(l) = l. Let v(y) = 5*y. Let p(f) = 6*d(f) - v(f). What is p(b)?
7
Let v(z) be the third derivative of z**6/360 - z**5/20 + 15*z**4/4 - 6*z**2 - 6. Let u(s) be the second derivative of v(s). Determine u(4).
2
Suppose -35*a = 68*a. Let m(c) be the third derivative of 1/12*c**4 + a - 5/6*c**3 + 0*c - 6*c**2. Determine m(5).
5
Let c(r) be the third derivative of -31*r**6/720 + 7*r**4/24 + r**3/3 - 60*r**2. Let i(m) be the second derivative of c(m). Determine i(-1).
31
Let u(b) = b**3 - 2*b**2 + 3. Let k = 0 - -2. Let j be u(k). Let w(v) = 0*v - 4*v - 3 + v**2 - 16 + 21. Give w(j).
-1
Let w(y) = 330 - 7*y**3 + 3*y + 324 - 648 - 10*y**2. Let j(g) = -g**3 - g**2 - g - 1. Let r(f) = 6*j(f) - w(f). What is r(-5)?
8
Let j(a) = 2*a**2 - 23*a**3 - a**2 + 16*a**3. Suppose 0 = -23748*w + 23745*w - 3. Give j(w).
8
Let a(o) = -2*o**2 + 13*o - 8. Let g(x) = -2*x + 1. Let v = 244 - 238. Let h(s) = v*g(s) + a(s). Suppose 5*z - 4 - 6 = 0. Give h(z).
-8
Suppose 22*b + 24 = 25*b. Let c(i) = b*i + 9*i - 1 - 15*i + 8. Let z(j) = 7*j**2 - 1. Let v be z(-1). Determine c(v).
19
Let x = -11550 - -17222. Let q(c) = -4 + 11*c - x*c**2 + 5671*c**2 + 0. Determine q(9).
14
Let x = 211 - 85. Suppose a = -2*k - 117, 2*a - 6*a - x = 2*k. Let p = -59 - k. Let v(s) = s - 2. Calculate v(p).
-4
Let t(a) = a**3 + 6*a**2 + 18*a + 108. Let l be t(-6). Let h(y) = 2*y**2 - y + 25. Determine h(l).
25
Let p(u) = 3*u + 3. Let q(b) = 70*b + 973. Let j be q(-14). Calculate p(j).
-18
Suppose 3*a + 4 = -b - 0, b + 5*a = -8. Let q(y) = -2*y**b - 1 + 3*y**2 - 14 + 36 - y. What is q(0)?
21
Let t(r) = -39*r**2 + 56*r - 81. Let l(j) = -64*j**2 + 111*j - 160. Let n(v) = 3*l(v) - 5*t(v). What is n(-19)?
1
Suppose 2*j + 35 = -5*z, -2*j + 695 - 680 = -5*z. Let t(s) = 2*s**2 + 12*s - 8. Let d(p) = p**2 + 8*p - 5. Let f(y) = -7*d(y) + 5*t(y). Give f(z).
50
Let f(k) be the second derivative of 3*k**5/10 + k**3/6 - k**2/2 - 41420*k. Suppose -1 = -2*z + 1. Determine f(z).
6
Let r(j) = -7*j + 14. Let x(y) = -y. Let s(t) = r(t) - 6*x(t). Suppose -2*o - 4*q = -o + 2, 4*q = 5*o - 62. Suppose -11*b = -12*b + o. What is s(b)?
4
Let k(a) be the third derivative of -a**5/30 + a**4/3 - 3*a**3/2 + 603*a**2. Calculate k(5).
-19
Let w(z) = -8 - z - 13 - 5 + z**2 - 1 - 9 + 38. Let p = 7 - 4. Calculate w(p).
8
Suppose 8*d + 42 = -54. Let m be 55/(-40) + d/(-32). Let o(v) = 25*v. What is o(m)?
-25
Let u(q) = -q**2 + 3*q - 1. Suppose 4*s = -4*a + 44, 4*a = -9 + 29. Let f be (2 - -1) + 0*(-2)/s. What is u(f)?
-1
Let n(q) = q**2 - 11*q + 5. Let j(i) be the first derivative of -11*i**2/2 + 11*i + 41. Let f be j(0). Give n(f).
5
Let w(j) = j**2 - 13*j + 1. Let b(l) be the third derivative of -l**4/4 - 113*l**3/6 - 2*l**2 + 34. Let y be b(-21). What is w(y)?
1
Let k(a) be the first derivative of a**4/4 + 2*a**3 + 3*a**2 - 9*a - 23. Let i(g) = -4*g**3 - 18*g**2 - 17*g + 29. Let u(z) = -2*i(z) - 7*k(z). Give u(7).
-2
Let x(q) = -q + 1. Let o be x(-2). Let z(m) be the first derivative of 22 - 1/2*m**2 - 2*m. Give z(o).
-5
Let w(b) = -6*b**2 + 67*b - 168. Let k(h) = -2*h**2 + 23*h - 56. Let q(p) = -7*k(p) + 2*w(p). Let r be q(11). Let t(c) = 16*c**3 + c**2 + c - 1. What is t(r)?
17
Let g(d) = d - 24. Suppose 8*q - 7*q + 29 = -5*y, 5*y + 33 = -2*q. Let o be (-6 - -